5*i + k - 1669 + 8914, 5*i - 5*k = 7225. What is the greatest common factor of i and 10?
10
Let v(a) = 77*a - 455. Let h be v(25). Calculate the greatest common factor of 35 and h.
35
Let z(k) be the first derivative of 3*k - 1/4*k**4 + 8/3*k**3 - 6 + 2*k**2. Let n be z(7). What is the highest common factor of n and 10?
10
Suppose 4*v - 16 = -0*v. Let b = 719 + -713. What is the highest common factor of v and b?
2
Suppose 0 = -y + x - 2*x + 10, y - 2*x - 25 = 0. Calculate the highest common factor of y and 10.
5
Suppose 5*g = -3*z + 133, -15*g - 3*z - 127 = -20*g. What is the highest common divisor of 4 and g?
2
Let j(d) = 2*d**2 + 6*d - 3. Let s be j(-6). Let r = 8261 + -8239. What is the greatest common divisor of s and r?
11
Let m = -184 + 193. Calculate the highest common divisor of 36 and m.
9
Suppose 26*i - 36*i + 60 = 0. What is the greatest common divisor of i and 6?
6
Let r be 32/(-6)*69/(-92). Suppose -13*y = -10*y + d - 196, -r*y - 4*d = -272. Calculate the highest common divisor of y and 16.
16
Let w = -304 + 349. What is the greatest common divisor of 225 and w?
45
Let d(g) = -g**2 - 77*g + 9. Let i be d(0). Calculate the greatest common divisor of 2 and i.
1
Let c be ((-315)/49 - -5)*-7. Calculate the highest common factor of 90 and c.
10
Suppose -602 + 77 = -5*s. Let q(t) = -t**2 - 11*t + 5. Let z be q(-10). What is the highest common divisor of z and s?
15
Suppose -7*d + 24*d - 578 = 0. What is the greatest common divisor of d and 102?
34
Suppose 0 = -13*j + 22*j. Let l be j + (-2)/(-4) - (-553)/14. Let g be 2 + -1 - 21/(-3). Calculate the greatest common divisor of g and l.
8
Suppose -4*r + 6*w + 76 = 2*w, -3*r + 55 = -w. Let y(g) = -r*g + 4*g - 11 - g + g**2 - 2*g**2. Let m be y(-7). What is the highest common factor of 18 and m?
9
Let c be ((-57)/(-6))/((-1)/(-72)*3). Calculate the greatest common factor of c and 152.
76
Let b = 586 + -465. Let x be (-1 - 63)*-1*1. Let v = b - x. Calculate the greatest common divisor of 38 and v.
19
Let l be (-42)/((-168)/(-32) - (5 - -1)). Calculate the greatest common factor of 112 and l.
56
Suppose -6*l + 2*l - y + 317 = 0, -2*l + 162 = 4*y. Calculate the highest common divisor of 79 and l.
79
Let m(h) = h**3 + 8*h**2 + 2*h + 1. Let k be m(-7). Suppose 4*g - w - 109 = -2, -3*w = -3. Calculate the highest common divisor of k and g.
9
Let a(t) = t**3 + t**2 - 3*t + 2. Let c be a(2). Suppose 0 = 57*g - 59*g - 72. Let k be g/8*16/(-3). Calculate the greatest common divisor of k and c.
8
Let b = 1160 - 1149. Calculate the highest common factor of b and 2563.
11
Suppose -99 = 3*z - 6*z. Let o be -3 + -2 - (-1 - -4 - 19). What is the greatest common divisor of o and z?
11
Let i = 61 - 34. Calculate the highest common factor of 36 and i.
9
Suppose 3*l + y = 33, 0 = -5*l + y + 75 - 12. Suppose 4*d - d - 18 = 0. What is the greatest common divisor of l and d?
6
Let d(n) = -n**2 + 19*n + 78. Let s be d(16). What is the greatest common divisor of s and 28?
14
Let y be (-3)/(-1)*35/(-21)*-1. Suppose -4*o + y*o - n = 58, -5*o = 3*n - 274. What is the highest common divisor of o and 8?
8
Suppose 4*u = 6*v - 5*v + 754, -2*v + 949 = 5*u. Calculate the highest common divisor of u and 81.
27
Let t = -252 + 315. Calculate the highest common factor of 14 and t.
7
Let d = -9 - -14. Let w be 1*9/(45/125). What is the greatest common divisor of w and d?
5
Suppose 5*p + 3 = -2*f + 19, 4*f + p = 14. Suppose 0 = -f*a + 143 - 140. Calculate the highest common divisor of a and 7.
1
Let k(v) be the second derivative of v**5/4 - v**4/12 - v**3/6 + v**2 + 19*v. Let o be k(1). What is the greatest common divisor of o and 45?
5
Let i be 2 - (-1 + -7)/(-1). Let t = i + 10. Let k = 0 - -28. Calculate the greatest common factor of k and t.
4
Suppose -318 - 222 = 3*z. Let j = z - -351. Calculate the highest common factor of 19 and j.
19
Suppose -5*m = -20*m - 690. Let o = 102 + m. Calculate the greatest common divisor of o and 42.
14
Let f(m) = -21*m - 205. Let d be f(-10). Let v(i) = 4*i - 12. Let s be v(8). Calculate the highest common divisor of s and d.
5
Let r = 152 - 142. Suppose -3*f - 38 - 136 = 0. Let q = f - -98. What is the greatest common divisor of r and q?
10
Suppose 3 - 43 = 5*c. Let n = c - -6. Let s be (-77)/(n/(-1) - 3). Calculate the highest common divisor of 11 and s.
11
Let l be (-29 - -20)/(2/(3*-10)). Calculate the highest common divisor of l and 1260.
45
Let c be (72/(-8) - 0)*20/(-3). Let z = c + 39. Calculate the highest common factor of z and 11.
11
Let j = 53 - 36. Let o(f) = f**3 - 19*f**2 + 6*f - 80. Let r be o(19). What is the highest common factor of r and j?
17
Suppose -36 = -4*i + 864. Calculate the greatest common divisor of 25 and i.
25
Suppose 0*w = -3*w + 5*a + 194, 0 = 5*w - a - 338. What is the greatest common divisor of w and 28?
4
Suppose -6*q + 391 + 851 = 0. Calculate the highest common factor of 138 and q.
69
Let m = -30 - -66. Suppose 2*l = 336 + 384. Suppose -3*r + l = r. What is the highest common divisor of m and r?
18
Let x be ((-2)/(-4))/((-1)/10). Let u be x/(1 - (1 - -1)). Let k be ((5720/117)/22)/(2*1/18). What is the highest common factor of k and u?
5
Let b = 433 - -901. What is the highest common divisor of b and 58?
58
Let k be 0/(-2) + -6 + 11. Let r = k + 7. Let q be 16 + -13 + (-1 - -106). Calculate the highest common factor of q and r.
12
Let g be 6 + 1*4/(-2). Let p(w) = g*w**3 - 45*w**2 + 44*w**2 - 1 - 3*w**3. Let f be p(3). What is the highest common factor of f and 187?
17
Let y be -5 + 1 + 276/6. What is the highest common divisor of 21 and y?
21
Let a be 4/7 - (-11232)/189. Let k = a - 20. Calculate the highest common factor of 60 and k.
20
Suppose 11*r - 105 = 10*r. Suppose -r = -2*j - 3*j. Let x = 624 - 435. What is the highest common divisor of x and j?
21
Let y(r) = -8*r + 317. Let j be y(29). Let o be (-17)/(-1)*(1 + 0). What is the highest common factor of o and j?
17
Let z = 2 + 5. Suppose -15*v - 126 = -21*v. What is the greatest common divisor of z and v?
7
Suppose -9 + 89 = 5*a. Let d(r) = r**2 - 39*r - 156. Let q be d(44). Calculate the greatest common divisor of q and a.
16
Let f = -39 - -38. Let c be (9/(9/(-16)))/f. What is the greatest common divisor of 12 and c?
4
Let k(q) = q**2 - 27*q + 55. Let y be k(25). Suppose 200 = y*r - 815. Calculate the highest common divisor of r and 29.
29
Let s = -5 + 11. Suppose -18 - 14 = -16*p. Calculate the highest common factor of s and p.
2
Let f = -302 + 583. Suppose -f = -5*a + 2*z + 81, a - z - 73 = 0. Suppose -h = -2*y + 16, 17 = 2*y - 5*h + 1. Calculate the greatest common divisor of y and a.
8
Suppose -2*j = 3*j - 3600. Suppose -30*r = -34*r + j. What is the highest common divisor of r and 20?
20
Suppose -3*f = -f + 4*u - 244, 2*f + 3*u - 243 = 0. Calculate the highest common divisor of f and 440.
40
Let h(m) = -m**3 - 4*m**2 - m - 5. Let k be h(-4). Let z(n) = 7*n**2 + n + 1. Let b be z(k). Suppose c + b = 2*c. What is the highest common factor of c and 35?
7
Let c be (-3)/(-2) + 2*(-2)/(-8). Let w be c/(-6) + (-260)/(-15). Calculate the greatest common factor of 51 and w.
17
Suppose 2*v = -0*v + 20. Let g(l) = -l**3 + 6*l**2 - 6*l. Let w be g(6). Let u be (-6)/27 + (-368)/w. What is the highest common factor of u and v?
10
Suppose -8*l + 3*l = 0. Suppose 3*r - 2*r - 432 = l. Suppose 5*w - w - r = 0. Calculate the greatest common factor of w and 27.
27
Suppose -6*p = 12 - 48. Calculate the highest common divisor of p and 86.
2
Let y = -556 - -596. Calculate the greatest common divisor of 340 and y.
20
Let d(f) = -82*f - 153. Let i be d(-3). What is the greatest common divisor of i and 2?
1
Suppose -w = r - 4, 2*w = 5*r + 4*w - 23. Let t(s) = 5*s - 8. Let y be t(r). Suppose -2*o + 124 - 22 = 0. Calculate the greatest common divisor of o and y.
17
Let v be (70/(-2))/(1/4*-1). Let n = -41 + 69. Calculate the greatest common divisor of n and v.
28
Let v be (-14)/(70/(-465)) + 9. Calculate the highest common factor of v and 663.
51
Suppose 3*o = -9, -o - 10 = -2*v + 5. Suppose -137 = -v*c - 17. What is the highest common factor of 110 and c?
10
Suppose 87 = 4*a + h, 0 = -a - 2*h - 2 + 29. Suppose -129 + a = 2*p. Let d be p/12*(-3 + 1). Calculate the highest common factor of 6 and d.
3
Suppose o - 635 